1
In base 7, what is 2 + -231344?
-231342
In base 12, what is -7028 + 10?
-7018
In base 12, what is -8 - -45608?
45600
In base 7, what is -140451 + 21?
-140430
In base 4, what is 2131 + -113133?
-111002
In base 7, what is -31 - -1144641?
1144610
In base 15, what is -2 + 4421?
441e
In base 8, what is -1 - 3306?
-3307
In base 12, what is -321674 + 7?
-321669
In base 16, what is -14 + 325e?
324a
In base 12, what is 4 + -6b47?
-6b43
In base 11, what is 23 + 2096?
2109
In base 13, what is 1 - 41147?
-41146
In base 3, what is -222 - -101201?
100202
In base 13, what is 452 - b?
444
In base 13, what is -4a5c - -7?
-4a55
In base 11, what is 671a30 - -1?
671a31
In base 10, what is 4709 + 19?
4728
In base 7, what is -5 + 22545?
22540
In base 11, what is -67112 - 3?
-67115
In base 2, what is -111000011010101 + -1?
-111000011010110
In base 13, what is 2b276 - 3?
2b273
In base 12, what is -11 + 689?
678
In base 13, what is -19 - c3c?
-c58
In base 9, what is 11 - -17216?
17227
In base 9, what is -37 - -380?
342
In base 12, what is 179390 + 14?
1793a4
In base 13, what is 80576 - 0?
80576
In base 15, what is 5 - 2329ea?
-2329e5
In base 11, what is 64377 + 4?
64380
In base 7, what is 14306 + -3?
14303
In base 16, what is e61bd - -4?
e61c1
In base 10, what is 5857 + 9?
5866
In base 13, what is 252 - c8?
157
In base 7, what is -1423520 - -6?
-1423511
In base 2, what is -100111010 - -1001010?
-11110000
In base 5, what is 403331 - 40?
403241
In base 12, what is -58 - -815?
779
In base 16, what is -e0 - -126?
46
In base 10, what is 27 + 349?
376
In base 2, what is -10100010001011101010 + 0?
-10100010001011101010
In base 2, what is -1011101101101001100100 - -100?
-1011101101101001100000
In base 9, what is -138 - -20810?
20661
In base 15, what is -4 + -12723?
-12727
In base 9, what is 20102587 - 0?
20102587
In base 3, what is 11 + 210000101?
210000112
In base 2, what is -1 - 1111111110000110?
-1111111110000111
In base 8, what is -676346 + 1?
-676345
In base 14, what is -29 - -2d?
4
In base 3, what is -2020221 + -1010012?
-10101010
In base 3, what is 202221201 + -1?
202221200
In base 2, what is 11 + -100100010001100011?
-100100010001100000
In base 3, what is -1212201222 + 11?
-1212201211
In base 15, what is -4 + 375e?
375a
In base 6, what is -323403 - 5?
-323412
In base 2, what is 101 - 110011011001000?
-110011011000011
In base 10, what is 2 - -28721?
28723
In base 3, what is 21220 - -2201110?
10000100
In base 16, what is 17ec4 - 19?
17eab
In base 15, what is -1 - -407e?
407d
In base 4, what is 123231122 + -11?
123231111
In base 7, what is 560 + 21?
611
In base 13, what is a701b - 4?
a7017
In base 11, what is 18775a3 + 5?
18775a8
In base 6, what is -1112330 - -20?
-1112310
In base 11, what is 4 - -1204589?
1204592
In base 16, what is -3 - 23ba?
-23bd
In base 13, what is 2861 + -19?
2845
In base 3, what is -22011 + 12120221?
12021210
In base 10, what is 64263 + 3?
64266
In base 8, what is 613 - -1710?
2523
In base 5, what is 1 - -42340133?
42340134
In base 8, what is -23 - 1610?
-1633
In base 13, what is 14b + -96?
85
In base 7, what is 1065 + 26266?
30364
In base 4, what is -113 + 111102?
110323
In base 8, what is 16601 - 22?
16557
In base 3, what is 110120211 + -11112?
110102022
In base 4, what is -2 + 201222333?
201222331
In base 8, what is -137460 + 55?
-137403
In base 15, what is -c5e8 - 22?
-c61a
In base 2, what is -10 - -101000001001101111000?
101000001001101110110
In base 14, what is 13 - -1aa?
1bd
In base 13, what is -8 - -948?
940
In base 16, what is -1235a - 1a?
-12374
In base 16, what is -156 + -e0f?
-f65
In base 16, what is 2 - -ef5?
ef7
In base 3, what is 101001011211 - -11?
101001011222
In base 7, what is 103030 + 3?
103033
In base 14, what is -bb10 + 7?
-bb07
In base 12, what is 3162b7a + 5?
3162b83
In base 4, what is 2113230 - -3130?
2123020
In base 6, what is 3 - 140111?
-140104
In base 11, what is -154336 + 1?
-154335
In base 15, what is 6c + a97?
b14
In base 12, what is 372 - 5b?
313
In base 16, what is 2e + 256?
284
In base 12, what is 3034b1 + 3?
3034b4
In base 4, what is 1301 - -1013103?
1021010
In base 13, what is -9072 + -32?
-90a4
In base 10, what is -23 - 15883?
-15906
In base 10, what is 49 + 1457?
1506
In base 7, what is 2 - 3601?
-3566
In base 2, what is 1000110 + 10100111?
11101101
In base 5, what is -144000 + 322?
-143123
In base 12, what is -74 - -9a06?
9952
In base 8, what is -211167 - -1?
-211166
In base 10, what is 1706255 - -2?
1706257
In base 2, what is -10101001 + -1010110101111?
-1011001011000
In base 13, what is -4561 - 142?
-46a3
In base 10, what is 109373 + 10?
109383
In base 6, what is -241 + 115?
-122
In base 11, what is 6a + 39020?
3908a
In base 16, what is 126 - -34d9?
35ff
In base 15, what is -263 + a8?
-1aa
In base 11, what is 407490 - -5?
407495
In base 9, what is -5556 - 7?
-5564
In base 14, what is 22 - 3940?
-391c
In base 10, what is 2 - 8423?
-8421
In base 8, what is 6 - -460423?
460431
In base 9, what is -74421 + 3?
-74417
In base 15, what is 5 + -e12e?
-e129
In base 4, what is -120231 - 313?
-121210
In base 14, what is -3ad3 - -10?
-3ac3
In base 2, what is 10011 + -110010101101?
-110010011010
In base 6, what is 232513 + 3?
232520
In base 8, what is 352 + -7?
343
In base 12, what is 229 - 70?
179
In base 8, what is 6155 + -44?
6111
In base 7, what is -2 - 10541?
-10543
In base 2, what is 1101001100 - -10011?
1101011111
In base 5, what is -34 + -21414113?
-21414202
In base 10, what is 43955 - -21?
43976
In base 5, what is -2 + -24200403?
-24200410
In base 16, what is -3 + 4f13?
4f10
In base 13, what is -157826 + 4?
-157822
In base 7, what is -640 + -355?
-1325
In base 4, what is -102 + 12022?
11320
In base 7, what is -11 - 2454313?
-2454324
In base 15, what is -1e612 + -5?
-1e617
In base 15, what is dd445 + 1?
dd446
In base 14, what is -256c - -1?
-256b
In base 7, what is 16 + 4635?
4654
In base 2, what is -11 + -1011100101111111?
-1011100110000010
In base 4, what is -1132 + -3111000?
-3112132
In base 12, what is -796 - 534?
-110a
In base 7, what is 46000540 - 5?
46000532
In base 15, what is -1a809 + 4?
-1a805
In base 2, what is 1000001000000 - -10101011?
1000011101011
In base 10, what is -2673 - 8?
-2681
In base 8, what is -4644 + -222?
-5066
In base 11, what is 0 + 30908?
30908
In base 8, what is -4 + 1712?
1706
In base 2, what is 1011100111000111011 + 100?
1011100111000111111
In base 6, what is 110 - -10510?
11020
In base 7, what is -1365466 - 4?
-1365503
In base 13, what is -4 + -a4?
-a8
In base 3, what is -2112211202 + -2?
-2112211211
In base 8, what is -42 - -201155?
201113
In base 16, what is 91 - 2d?
64
In base 6, what is 5123025 - 0?
5123025
In base 13, what is -1a - b61?
-b7b
In base 15, what is 12558 + -5?
12553
In base 2, what is 1101 - 10100011110010000?
-10100011110000011
In base 16, what is -2 + -c105?
-c107
In base 2, what is -100 + -100100000101101000?
-100100000101101100
In base 16, what is 2f + 36f?
39e
In base 14, what is 5 + -3b9cc6?
-3b9cc1
In base 12, what is 4 + 6b042?
6b046
In base 5, what is -1022 + 142110?
141033
In base 12, what is 796556 + 4?
79655a
In base 13, what is -42410 + 5?
-42408
In base 3, what is -12 + -22122020220?
-22122021002
In base 13, what is 1568 - -27?
1592
In base 12, what is 4 - -38616?
3861a
In base 11, what is 1 + -a93?
-a92
In base 6, what is 52310 - -14?
52324
In base 2, what is 101010 + -11101110010111?
-11101101101101
In base 10, what is 903 - 76?
827
In base 9, what is 4 + -22288?
-22284
In base 8, what is 6 - 263713?
-263705
In base 4, what is 1003211231 + 3?
1003211300
In base 16, what is -54 + -69?
-bd
In base 2, what is 101 - 1001110001110000?
-1001110001101011
In base 3, what is -10222120 - -21?
-10222022
In base 11, what is 1397 - 5?
1392
In base 15, what is -97b + -4b?
-9c7
In base 4, what is 3 + -2021002?
-2020333
In base 13, what is 43c2 - 3?
43bc
In base 8, what is -31100 + -6?
-31106
In base 11, what is -7661 + 2?
-765a
In base 9, what is 75114 + 2?
75116
In base 11, what is a83 + -259?
825
In base 16, what is 14 - 327?
-313
In base 3, what is -1220200021221 - -10?
-1220200021211
In base 15, what is 1d - -2473d?
2475b
In base 9, what is -3 + 117072?
117068
In base 16, what is -3d5cd + -5?
-3d5d2
In base 16, what is 4 - -d3d3?
d3d7
In base 10, wha